ne y(4).
4
Suppose -5 - 23 = -7*w. Let z(r) = 5 - w + 10*r**2 + 9*r - 7*r + 0. What is z(-1)?
9
Let u(r) be the first derivative of -r**2 + 22*r + 53. Calculate u(15).
-8
Let m(y) be the second derivative of y**4/12 + 5*y**3/6 - 4*y**2 - 2*y. What is m(-6)?
-2
Suppose -t - 2 = -5*y - 0, -y = 3*t - 10. Suppose -4*i - m - 12 = 0, -14 = 5*i + 3*m + y. Let v(w) = -w - 3. Determine v(i).
0
Let l(u) = 16 + 4*u + 4*u + 0*u - 30 - 5*u. Calculate l(4).
-2
Let s(b) = -2*b**3 - 60*b**2 + 3*b - 11. Let q(x) = x**3 + 34*x**2 - 2*x + 6. Let k(z) = -7*q(z) - 4*s(z). What is k(-2)?
-2
Let x(l) = -l + 5. Let d be 2 - (-6)/2*1. Suppose d*c - 6 = 14. Determine x(c).
1
Let k(y) = -5 + 12 + 3*y - 5. Calculate k(2).
8
Let t(b) = -b**2 - b + 2. Let i(y) = -y**3 + 64*y**2 + 127*y + 330. Let h be i(66). Determine t(h).
2
Let o(j) = j + 14. Suppose -60 = 4*k + 5*f + 3, 3*f + 9 = 0. Calculate o(k).
2
Let l be (-34 + 10)/(-3 + 1). Let t(z) = -4 + 2*z**2 + 1 + 2 + l*z**2 - 2*z. What is t(-1)?
15
Let q be 14/10 + (-14)/35. Let m(p) be the first derivative of -1/4*p**4 + 0*p + 0*p**2 - 1/3*p**3 + 2. Give m(q).
-2
Let b(n) = n**2 + 3*n - 2. Suppose 0 = -3*z + 32 + 4. Let p = -153 + 155. Suppose z = -p*u - u. Give b(u).
2
Let t(w) = 2*w**3 - w**2 + 5*w + 1. Let n be (27/36)/(2 - (-14)/(-8)). Let m(a) = -a**3 - a**2 + 1. Let b(r) = n*m(r) + t(r). What is b(-5)?
4
Suppose 2*m = 4*j - 24, 21 - 1 = -4*m + j. Let v(r) = -7*r - 26. Calculate v(m).
2
Let n(i) be the third derivative of i**4/24 - 2*i**3/3 - 535*i**2. What is n(2)?
-2
Let a(q) = -102*q - 502. Let i be a(-5). Let u(m) = -m**2 + 6*m + 1. Calculate u(i).
-15
Let b(k) = 3*k + 389*k**2 - 417*k**2 - 3*k. Calculate b(1).
-28
Let x(f) = -f + 2*f**2 - 1 - f**2 + 2. Suppose -71 = -8*u - 87. Give x(u).
7
Suppose 17 + 18 = 5*z. Suppose -2*r = 3*t - z, 2 = 2*t + 4. Let a(u) be the first derivative of -u**3/3 + 7*u**2/2 - 7*u + 2. Calculate a(r).
3
Suppose 5 = o + 3. Suppose 2*a - f = 4, 5*f + o + 0 = a. Let z(j) = -j - j - 7*j**2 - 3 - 5*j - j**3 - a. Give z(-6).
1
Let w(q) = 30*q + 32. Let s(n) = -10*n - 10. Let d(b) = -7*s(b) - 2*w(b). What is d(-4)?
-34
Let s be 10 - 3/((-33)/(-286)). Let m(t) = t + 2. What is m(s)?
-14
Let z(f) be the third derivative of f**6/180 + f**5/120 - 23*f**4/24 - 6*f**2. Let s(h) be the second derivative of z(h). Calculate s(-2).
-7
Let d = 39 - 27. Let b = -12 + d. Let x(a) = a**2. Calculate x(b).
0
Let l(t) = -t**2 + 6*t + 10. Let w be l(7). Let j(h) = h**2 - 5*h + 1. What is j(w)?
-5
Let j = -48 + 50. Let n(k) = -6*k**2 + 6*k**2 + k + k**2 + 4*k**j - 1. Determine n(1).
5
Let u be (18/(-15))/((-3)/15). Suppose 2*m + 8 = 0, 0*a = -2*a - 3*m + u. Suppose -a*i = -12*i. Let y(h) = h - 6. Determine y(i).
-6
Let d(k) = -4*k**2 - 6*k - 3. Let r(h) = 10*h**2 + 211*h + 19. Let a be r(-21). Give d(a).
-7
Let d = 475 - 469. Let z(m) = -3*m + 5. Calculate z(d).
-13
Let g(q) be the first derivative of -q**4/4 + 4*q**3/3 + q**2 + 2. Let z be (3 - 2) + (-2)/(-2). Suppose -z*d - 4*d + 24 = 0. Give g(d).
8
Let q(m) = m - 2. Suppose 0 = 2*u - u - 1, 2*r - 2*u + 206 = 0. Let k be (-2)/(-6) + r/9. Let p = 12 + k. Determine q(p).
-1
Let v(j) = -11*j + 2. Let c(m) = -5*m + 52. Let a be c(10). Determine v(a).
-20
Let x(m) be the second derivative of -2*m - 3/2*m**2 - 1/6*m**3 + 0. Let g(p) = -8*p - 20. Let y be g(-2). Determine x(y).
1
Suppose -113*o = -76*o - 74. Let t(c) = -3*c - 5*c**2 + 3*c + 1. Give t(o).
-19
Let i(g) = 12*g + 15. Let p(c) = -5*c - 7. Let j(y) = 2*i(y) + 5*p(y). What is j(-10)?
5
Let m(p) = -2*p - 4. Suppose -3*d - 2*d + 2*g + 32 = 0, -4*d - 2*g + 22 = 0. What is m(d)?
-16
Let n(g) be the second derivative of -g**4/12 + g**3/6 + g**2 - 8*g. Let b(d) be the first derivative of d**3/3 - 7*d**2/2 + 8*d + 3. Let l be b(6). Give n(l).
0
Let y(n) = -19 + n + 3*n + 9. Let j be y(4). Let k(m) = m - 12. Let o be k(j). Let b(g) = -g**2 - 8*g - 3. Calculate b(o).
9
Let w(u) = u - 2. Suppose 4*b = 5*y - 8 - 4, -y - 2*b - 6 = 0. Let a be 17/(-2)*(y + -2). Let f(l) = -l**3 + 17*l**2 - l + 10. Let z be f(a). What is w(z)?
-9
Let y(s) = s**3 + 12*s**2 - 2*s - 18. Let w be y(-12). Let x(z) = -3 - z**3 - 6*z**2 + 4*z**2 - 3*z**2 - w*z. Let b = -11 + 7. Determine x(b).
5
Suppose 26*p = 40*p + 196. Let r(i) = -i**2 - 13*i - 3. Calculate r(p).
-17
Let d(o) = 2*o**2 + 10*o - 16. Let f(g) = -5*g**2 - 20*g + 35. Let t(z) = -7*d(z) - 3*f(z). What is t(8)?
-9
Let q(w) be the first derivative of w**3/3 + w**2 + w + 14. Calculate q(-5).
16
Let x(r) = r**2 - 5*r - 2. Let l(c) = 3*c + 61. Let m be l(-18). Calculate x(m).
12
Let o(d) = 4*d + 2. Let t(l) = -195*l - 1 + 191*l - 1. Let i(b) = -5*o(b) - 6*t(b). Determine i(-2).
-6
Suppose -3*g + 20 - 5 = -w, 2*w = -4*g + 10. Let c be 0/5*g/16. Suppose c = -2*n - n - 3*m - 3, -3*n = -5*m - 21. Let v(j) = j - 1. Calculate v(n).
1
Let b(l) = -l - 2. Let r(m) = m**3 - 4*m**2 - 8*m + 2. Let i be r(6). Let p be 7*(i/14 + -1). Let s = 0 - p. What is b(s)?
4
Let j(s) = -162*s + 163*s + 23 - 20. What is j(9)?
12
Let s(w) = -w + 3. Let g be s(3). Let p(j) be the first derivative of j**4/4 - j**3/3 - j**2/2 + 14*j - 1704. Give p(g).
14
Let u(g) = g**2 - 5. Let l(i) = 2*i**2 + 4*i - 35. Let t be l(3). What is u(t)?
20
Suppose 5*b - b = 20. Let c(t) be the third derivative of -t**5/60 + t**4/4 + 2*t**3/3 - 62*t**2. Determine c(b).
9
Let s(h) = -1 - 9*h + 4*h + 2*h - 2*h. What is s(2)?
-11
Let w(z) = -z**3 - z - 2. Suppose -i = 2*b, -3*i - 21 = 2*b - 17. Give w(i).
8
Let p(w) = -w - 10. Let m(z) = -z**2 + 19*z - 8. Let i be m(19). Determine p(i).
-2
Suppose n = -5*b + 6*b + 2, -2*b = -3*n + 10. Let a(m) = -m**3 + 5*m**2 + 6*m + 2. Give a(n).
2
Suppose -2*n = 2*n - 12. Suppose -n = -4*t + 3*t. Let m(v) = -6*v**2 + 2*v**t + 1 - 3*v**3 - 3*v + 8*v**2 + v**2. What is m(2)?
-1
Let r(j) = 0*j**3 - j**3 + 0*j - j - 8*j**2 + 10. Let x = -14 - -6. Determine r(x).
18
Let o(x) = 20*x - 3. Let m(r) = 10*r - 1. Let w(d) = -11*m(d) + 6*o(d). Let l(g) = -11*g + 8. Let q(h) = -6*l(h) - 7*w(h). Calculate q(-1).
5
Let g(u) = 3*u - 10. Let d be (21/(-4))/(78/(-1040)). Let p = d + -62. Determine g(p).
14
Let r(u) be the first derivative of u**4/4 + 2*u**3/3 + 3*u**2/2 - 3*u - 570. What is r(0)?
-3
Suppose -9 = -11*k + 8*k. Let q(n) = -5*n**2 + 9*n - 8. Let v(u) = -9*u**2 + 17*u - 15. Let f(p) = -7*q(p) + 4*v(p). Calculate f(k).
2
Suppose -5*q - 34 = 6. Let m(t) = -t**3 - 8*t**2 + 2*t. Determine m(q).
-16
Let y(p) = 2*p**3 + 19*p**2 - 10*p + 12. Let u be y(-10). Let v(i) = u*i - 9*i - 3 + 7*i. Calculate v(3).
27
Let g = 11 - 1. Suppose -2*w + 5 = -3*b, w - 3*w = -4*b - g. Let k(z) = 2*z**2 + 6*z - 7. Let j(d) = -d**2 - 3*d + 3. Let p(x) = 7*j(x) + 4*k(x). Give p(b).
3
Suppose -2*x = 4*m - 8, -x + 3 = 3*m + 4. Let z(b) = -3*b - 2*b + 1 + 3*b - x*b**2 + 10*b**2. Calculate z(-2).
-11
Let h(z) be the second derivative of -2*z**3/3 + z**2/2 + 26*z. Let t(v) = v. Let x(y) = -h(y) - 6*t(y). What is x(-5)?
9
Let q(f) = -f**2 - 7*f - 10. Let a be q(-4). Let r(m) = -m**2 + 2*m**2 - 12 + 13. Determine r(a).
5
Let d(o) = -o**3 + 5*o**2 + 4*o. Let f = -132 + 139. Determine d(f).
-70
Let r(i) be the first derivative of i**3/3 - 9*i**2/2 - 10*i - 6. Let g(q) be the first derivative of r(q). Give g(6).
3
Let p be (5/2)/((-9)/18). Let c(u) = 7*u**3 + 3*u**2 - 8*u + 7. Let t(f) = -11*f**3 - 4*f**2 + 12*f - 10. Let x(q) = -8*c(q) - 5*t(q). Give x(p).
-1
Let t be 4 + -8 - -1 - -8. Let n(k) be the second derivative of k**5/20 - k**4/2 + 7*k**3/6 - 2*k**2 - 2*k + 1. What is n(t)?
6
Let g(k) be the second derivative of k**6/90 - k**4/24 + k**3/2 - 8*k. Let f(b) be the second derivative of g(b). Calculate f(-1).
3
Suppose 0 = 4*a + 4*h - 72, -2*a + 2*h = -a - 21. Let i = a + -5. Let m = -17 + i. Let f(d) = -2*d**2 - 3*d - 2. Give f(m).
-11
Let n(o) = -o**2 - 2. Suppose -3*l + 45 = 2*c - c, 3*l = 5*c + 27. Suppose j + p + 2*p + l = 0, 5*p + 22 = -3*j. Let u be 0 + (j - -2 - 5). Determine n(u).
-6
Let b(i) = 0*i - 3*i + 403*i**2 + 7 - 404*i**2. Let x be b(-4). Let v(q) = q**3 - 4*q**2 + 4*q - 3. What is v(x)?
0
Let k be 1*-3 + -2 + -2. Let q(z) = -2*z - 14. Let m(p) = -2*p - 13. Let i(t) = -t**2 - 11*t + 5. Let o be i(-11). Let a(g) = o*m(g) - 4*q(g). Calculate a(k).
5
Let d = -82 + 81. Let w be (d/1)/(2/8). Let k(q) = -2*q - q - 2*q**2 - 